a*b + 362. What is the units digit of n?
8
Let t be ((-3)/(-12))/(-1) + 73/4. What is the units digit of (-2)/3 + 57/t*22?
9
Let a(v) = v. Let m be a(0). Suppose m = k - 2 - 91. What is the tens digit of k?
9
Let s be (-133)/(-42) - (-3)/(-18). Suppose -154 = 3*l - 5*l + 2*a, s*a - 273 = -4*l. What is the tens digit of l?
7
Suppose -118 + 83565 = 49*p. What is the thousands digit of p?
1
Let w(r) = -4*r**2 - 6*r - 4. Let k(l) = -9*l**2 - 12*l - 9. Let i(z) = 3*k(z) - 7*w(z). What is the units digit of i(-19)?
8
Let d(m) = 3*m**2 - 3*m + 1. Let p be d(2). Let z = p + 14. What is the units digit of z?
1
Let y(m) = 7*m**2 + 3*m - 3*m + 1 + 2*m + 3. Let v be y(-4). Let c = -63 + v. What is the units digit of c?
5
Let f(x) = -2*x - 7. Let h be f(-5). What is the units digit of (3 - 26)*(h + -4)?
3
Suppose 3*i - 3979 = 4*p, 2*i + 3*i = p + 6626. What is the units digit of i?
5
Let x = -31 - -22. Let s(u) = -4*u - 23. Let r(o) = 15*o + 94. Let h(z) = 2*r(z) + 9*s(z). What is the tens digit of h(x)?
3
Let b = 430 - 19. What is the units digit of b?
1
Suppose -20*a = -10*a - 1370. What is the hundreds digit of a?
1
Let j(z) = -4*z - 2. Let h be j(-2). Suppose h*b = 5*b + 35. Suppose y - 77 = -5*x + 77, 4*y + b = x. What is the units digit of x?
1
Suppose 0*s + 3136 = 2*t - 5*s, 5*s = 3*t - 4694. What is the units digit of t?
8
Let g be ((-96)/80)/(4/30). What is the tens digit of ((-29)/g + 30/(-135))*13?
3
Let o(w) = -3*w + 21. Let g(i) = -2*i + 11. Let z(y) = 7*g(y) - 3*o(y). What is the units digit of z(-9)?
9
Let c(d) = d**3 - d**2 - 10*d - 5. Let w(j) = 2*j**3 - 2*j**2 - 21*j - 10. Let z(v) = 5*c(v) - 3*w(v). What is the hundreds digit of z(-6)?
1
Suppose -2*n = 2*n - 12, 4*j + n - 3795 = 0. What is the tens digit of j?
4
What is the thousands digit of ((-180)/(-24) - 7) + (-11355)/(-6)?
1
Let b(t) = -t**3 - 8*t**2 - 9*t - 11. Let l be b(-7). Suppose 3*k - 609 = -l*n, -k = 3*n + k - 608. What is the units digit of n?
2
Suppose f + 4*c - 336 = 24, -12 = -3*c. What is the tens digit of f?
4
Let r(u) = 153*u**2 + u + 1. Suppose 5*x = -4*t - 9, 3*x = 8*x - 5*t. What is the tens digit of r(x)?
5
Suppose 3*o = o + 6, -2*o - 414 = 5*w. Let f = w + 176. What is the units digit of f?
2
What is the units digit of (-3)/(-1) - -1 - (63 - 1169)?
0
Let x be (2 - (-3)/(-3)) + 0 + 254. What is the tens digit of (-2)/12 + x/18 + -2?
1
Suppose -15*k + 12*k + 48 = 0. Suppose -f + 18 = 3*n - 18, n = f - k. What is the tens digit of f?
2
Suppose 0*q = -4*q - 5*u + 990, -4*u - 237 = -q. What is the tens digit of q?
4
Let o(n) = -4*n - 5. Let q(w) = w + 8. Let x be q(-4). Let a = -2 - x. What is the units digit of o(a)?
9
Let d = 6 - 4. Suppose 6*w = 5*g + 4*w + 51, -12 = d*g - 5*w. Let b = g + 26. What is the units digit of b?
5
Suppose 3*h = h. Suppose h = z + s - 7, 3*z + 3 = 5*s - 0*s. Let r(b) = 3*b**2 - b + 6. What is the tens digit of r(z)?
5
Suppose -87*g - 2 = -88*g. Suppose 4*x + 138 = l + l, -5*l = -g*x - 361. What is the tens digit of l?
7
Suppose -2*z = 2*z + 36. Let i be (2/(-3))/((-2)/51). Let u = i - z. What is the tens digit of u?
2
Suppose 2807 = -14*v + 18445. What is the hundreds digit of v?
1
Suppose 0*x - 10 = -3*j + 4*x, -3*x + 5 = -j. Suppose -4*u = -9*u - 660. What is the tens digit of u/(-10) - 2/j?
1
Let s(m) = -m**2 + 9*m + 7. Let i be s(10). Let y = -1 - i. Suppose -79 = -y*o + 43. What is the tens digit of o?
6
Let u = -2431 + 4745. What is the units digit of u?
4
Let j = -981 - -1648. Suppose j - 92 = 5*h. What is the hundreds digit of h?
1
Suppose 7*l - 2271 = 4*l. What is the units digit of l?
7
Suppose 0 = k - 5*q - 4 - 0, -5 = 5*q. Let t be (k + -20)/((-6)/(-28)). What is the tens digit of 28/t + (-396)/(-14)?
2
Let x be 1/((-4)/(24*1)). Let j be x/4*16/(-4). What is the units digit of 21/j*(2 - 0)?
7
Suppose -q + 5*m = 1 - 2, -3*q - 11 = -m. Let u = q - -38. What is the units digit of u?
4
What is the hundreds digit of (210 + -2)/((-20)/(-110))?
1
Let t(f) = 33*f + 2. Let u be t(2). Suppose -4*w + 0*w = -u. Suppose l = 2, w = k + 4*l - 0*l. What is the units digit of k?
9
Let h = 748 + 549. What is the tens digit of h?
9
Suppose 2*p + 0 = 3*j + 5, 0 = 3*p + 4*j - 16. Suppose -p*l + 785 = 69. What is the hundreds digit of l?
1
Let x = 102 - -1028. What is the units digit of x?
0
Let f(d) = 39*d**2 - d + 2. Let b be f(2). Suppose 5*v - 229 - b = 0. What is the units digit of v?
7
Let p = 370 + -170. What is the tens digit of (2/5)/(2 - 396/p)?
2
Suppose v = 2*d - 16, 3 = -d - 3*v - 3. Suppose 0 = d*b - 5*b - 54. What is the tens digit of b?
5
Suppose -2*m + 0*m - 1848 = -5*k, -2*k - 3*m = -724. What is the hundreds digit of k?
3
Suppose -3*z - 5*o + 42 = 0, 28 + 2 = 3*z + o. Let m = 53 - z. What is the tens digit of m?
4
Let q = 8 + -8. Let l = 35 - q. Suppose 33*s = l*s - 112. What is the tens digit of s?
5
Let n(p) = -p**2 + 8*p + 4. Let g be n(8). Suppose 3*v - g = 5. What is the units digit of 4/6 - (-13)/v?
5
Suppose 7 = -3*i - 4*c, -4*i - 13 = -3*i + 4*c. What is the units digit of -7 + i - (-7 - 1)?
4
Let u(k) = -2*k. Let y be u(-3). Let w be 14/(-4) + (-3)/y. What is the tens digit of -3 + 7 + (-36)/w?
1
Let o(j) be the second derivative of j**4/12 + 2*j**3/3 - 3*j. Let n be o(-4). Suppose k = -n*k + 25. What is the units digit of k?
5
Suppose -5*f = 2*c - 61, 4*c - 5*c - 19 = -2*f. Suppose f = g - 35. What is the units digit of g?
6
Let k(a) = -286*a - 583. What is the thousands digit of k(-6)?
1
Suppose 42 = -14*t + 11*t. Let c = t - -30. What is the tens digit of c?
1
Suppose -8 + 0 = -2*f + 5*z, 0 = -2*z - 4. Let o be 2 - f*(0 - 0). Suppose o*q - 35 = -3*q. What is the units digit of q?
7
Let p(t) = t**3 + 7*t**2 - 8*t + 3. Let u be p(-8). Suppose -140 = -j + 4*y, -y + 298 = 2*j - u*y. What is the hundreds digit of j?
1
Let k(l) = l**2 + 12 - 19 + 0*l**2 + 10*l. Let w be k(-11). Suppose -w*p - 183 = -5*j + 74, -151 = -3*j + 4*p. What is the units digit of j?
3
Let i(s) = s**3 - 34*s**2 - 16*s - 52. What is the units digit of i(37)?
3
Let p be 5/(-10) - 2/(-4). Let m be 0/(p - (0 + 1)). Let g = 14 - m. What is the units digit of g?
4
Let l(a) = -a**3 + 2*a**2 + 5*a + 822. What is the hundreds digit of l(0)?
8
Let k be (-8)/52 - 3031/(-13). Suppose -3*a + 6*a + 4*z = 131, -k = -5*a - 3*z. What is the tens digit of a?
4
Let t be -10*15/(-24) - 12/(-16). What is the hundreds digit of (-4488)/(-14) + t + 184/(-28)?
3
Suppose -17*x + 12*x - 3*p + 3222 = 0, -3220 = -5*x - 5*p. What is the units digit of x?
5
Let x = 11 - 6. Suppose 13*a - 120 = x*a. What is the units digit of a?
5
Let f(v) = v**2 + 12*v + 16. Let c be f(-11). Suppose -c*b = -0*b. Suppose -25 = 5*s, -3*u = -b*s - 4*s - 62. What is the tens digit of u?
1
Let t(i) = -27*i - 27. Suppose -5*j - 59 = -34. What is the tens digit of t(j)?
0
Let c(q) = 108*q**2 + 5*q + 6. What is the hundreds digit of c(-2)?
4
Let v(z) = -2*z**3 - 6*z - 10. Let h be v(-3). Suppose 5*n + h = 6*n. What is the units digit of n?
2
Let z(x) = x - 13. Let d be z(-16). Let m = d + -58. Let t = -22 - m. What is the units digit of t?
5
Let l(c) be the second derivative of 0 - 4*c + 1/2*c**4 + 0*c**3 - 1/2*c**2. What is the units digit of l(-1)?
5
Suppose 2244 = -7*p + 13*p. What is the units digit of p?
4
Let u(h) = -5*h**2 + 4*h + 5. Let m be u(-2). Let x be 1/(-1) - (1 - -40). Let p = m - x. What is the units digit of p?
9
Suppose -g = 2*g - 2*y + 109, g = -4*y - 13. Let r = 65 + g. What is the units digit of r?
2
Let v = -166 - -108. Let l = v - -129. What is the tens digit of l?
7
Let y be (-1)/(5/(-1965)*3). Suppose 0 = -2*k + k - 3*b + y, 3 = -b. What is the tens digit of k?
4
What is the thousands digit of (-4)/((-80)/(-815))*-32?
1
Let l = -1131 + 1110. Suppose -p + 2*v = 5*v + 38, 3*v = 12. Let t = l - p. What is the units digit of t?
9
Let m be (2 - (-14)/(-6)) + (-4614)/9. Let n = -320 - m. What is the tens digit of n?
9
Suppose 2*c - 2*m = 9686, -m + 9683 = -91*c + 93*c. What is the units digit of c?
2
Let u(q) = 4*q + 9. Let l be u(-3). Let d be l/6*(-1 - -1). Suppose d*c + 285 = 5*c. What is the tens digit of c?
5
Let d(u) = 2*u**3 - 2*u**2 + u - 6. Let c be d(2). Suppose -135 = -c*t + 173. What is the units digit of t?
7
Let c be (-2)/(-3 - 722/(-242)). Let m = c - 76. Suppose -m